hat is w(t)?
6
Let q(f) = -f + 2*f**2 + 5*f**2 - 9*f**2. Give q(2).
-10
Let c(y) be the third derivative of -y**4/24 + 4*y**3/3 + 9*y**2. Give c(4).
4
Let u(n) = -n + 13. Suppose 5*x = i - 5*i + 38, -2*i + 5*x + 4 = 0. Determine u(i).
6
Let u(g) = -g**3 + 2*g**2 + g. Suppose 2*m + 6 = 5*m. Let f be m*(2/(-4) - -1). Let x = 4 - f. Give u(x).
-6
Suppose -4*f - 1 = -9. Let w(l) = -4*l + 15 - l + 7*l + 2*l**f - 14. Let m = -2 - -1. Calculate w(m).
1
Suppose 2*d = -3 + 1. Let x(v) be the first derivative of -3*v**2 + v + 3. Give x(d).
7
Let x(a) = -a**2 + 4*a - 3. Let j(f) be the second derivative of f**5/20 - f**3/6 - f**2 - 7*f. Let o be j(2). Give x(o).
-3
Let s(x) = -x**3 + 3*x**2 + 3*x + 1. Let v be (-21)/35 + (-7)/5. Give s(v).
15
Suppose 5*t = 2*g - 19, 2*g + 7 = g - 3*t. Let c = -5 - -10. Let f(s) = g*s - 1 + s - c*s. Calculate f(-4).
7
Let r(u) = -u**3 + u. Let s(i) = i**3 - i**2 + i - 2. Let c be s(0). Determine r(c).
6
Let j(b) = -3*b + 1. Let v = -26 + 21. Give j(v).
16
Let a(c) = -4 - 2*c**2 - c**2 + 4*c**2 + 0*c**2 - 4*c. What is a(-3)?
17
Let u(r) = 2*r**2 + 5*r. Let x be 6/(-3*3/(-6)). Suppose 7*n = x*n - 12. What is u(n)?
12
Let o(l) = l - 5. Let i = -161 + 165. Give o(i).
-1
Let z(t) = -t - 1. Suppose 3*c - 18 = -0*c. Let b = -3 + c. What is z(b)?
-4
Let m(z) be the third derivative of -z**5/60 + z**4/12 + z**3/6 + 21*z**2. What is m(-1)?
-2
Let h(o) = -o. Suppose 3*t + 6*v = v + 11, -t - 4*v - 8 = 0. Suppose 2*k - 3*y - 2*y = 5, -5*y - 5 = 0. Suppose k*u + 4*u = -t. Determine h(u).
3
Let h(o) = o**2 + 7*o - 3. Suppose 0 = -0*j - 3*j - 9. Let u(t) = t**3 + t**2 - 5*t - 3. Let g be u(j). Give h(g).
-9
Let t(h) = -2*h - 2*h**2 + 3 - 3*h**2 + 2*h**2. What is t(2)?
-13
Let x(z) = 7*z + 34. Let b be x(-5). Let l(v) = -2*v**3 - v**2 - v. Give l(b).
2
Let m(x) = 5*x**2 + x - 2. Suppose 0 = 3*a + 7 + 5. Let w(y) be the second derivative of y**4/2 - 3*y**2/2 - 2*y. Let d(g) = a*w(g) + 5*m(g). Calculate d(-3).
-4
Suppose -4*x + 1 = -7. Let b(o) = -9*o - 2. Let v(g) = 19*g + 4. Let q(u) = -9*b(u) - 4*v(u). Determine q(x).
12
Let r(l) = l**2 - 5*l + 6. Let u be (-3)/(-15) - 178/(-10). Suppose 0 = 3*k - u + 3. Give r(k).
6
Let b(t) be the second derivative of 1/2*t**4 - 1/20*t**5 + 0 + 1/2*t**2 - 5/6*t**3 - 3*t. Let h be b(5). Let o(c) = 6*c**3 - 2*c**2 + 2*c - 1. Calculate o(h).
5
Suppose z + 0 = 1. Let t be z/(-3) + (-12)/18. Let b(c) be the second derivative of -c**3/6 + c. What is b(t)?
1
Let j(d) = 51 - 26 + d - d**3 + d**2 - 22. Let a be 4/(-14) - 114/(-7). Suppose -a = 5*w - 4*u, 0*w - 5*u + 20 = w. What is j(w)?
3
Let w = 6 + 4. Suppose 4*t - 3*m + w = -t, t - m = 0. Let d(z) = -z**2 - 8*z - 5. Determine d(t).
10
Let l(t) = t**2 - 1. Let r(i) = -4*i**2 + 10. Let p(n) = 5*l(n) + r(n). Let d(j) = 3*j**2 + 3*j - 2. Let c be d(2). Let v = 16 - c. Give p(v).
5
Suppose 0*s + 3*s = 12. Let d(l) = l - 3*l**2 + s + l**3 - l**2 - 3*l - 4*l. Calculate d(5).
-1
Let h(l) = -l**2 - 3*l - 2. Let z(i) = i**3 + i - 5. Let k be z(0). What is h(k)?
-12
Suppose 2*c = -2*c + 12. Let k be 2/(-3) + 10/15. Let y(q) = k*q - 3*q + q + 0*q. Calculate y(c).
-6
Let c(l) be the second derivative of -l**3/6 - l. Let v be c(-1). Let b(x) = 2*x - 1. Give b(v).
1
Let r(x) = -x + 1. Suppose 0 = -2*n + 3*s - 4 - 13, -4*n - 24 = -4*s. Let k be r(n). Let w(b) = b**2 + 3*b - 3*b - 1 + b. What is w(k)?
5
Suppose -2*i = -7*i + 2*x + 3, -16 = -4*i + 5*x. Let v(y) = 6*y**2 + 1. Determine v(i).
7
Let s(c) = -c**3 - 8*c**2 + 8*c - 6. Let t be s(-9). Let d(o) = -t*o**2 - 1 + o**3 + 6*o - 12*o + 2. Determine d(4).
-7
Let f be (3/(-2))/(13/(-26)). Let c(r) be the third derivative of r**7/5040 - r**6/720 + r**5/30 - r**2. Let m(o) be the third derivative of c(o). Give m(f).
2
Suppose 0 = 4*l - 2*l + 2. Let m be l*(-6)/2 + 1. Let b(k) = k**3 - 5*k**2 + 3*k - 6. Give b(m).
-10
Let l(d) = 2*d + 3. Let p be (-80)/15 - (-1)/3. Suppose -17 = 4*f + 11. Let v = f - p. What is l(v)?
-1
Let q(r) = r**2 - 4*r - 4. Let k(v) = v**3 + 8*v**2 - 11*v - 13. Let g be k(-9). Give q(g).
1
Suppose -2*x = 3*x - 10. Let j(f) = f**2 + 1 + f + 0 + x*f. Give j(-4).
5
Let z(y) be the first derivative of -4*y - 1/4*y**4 - 5/2*y**2 - 2*y**3 + 5. Suppose p = 2*p + 5. What is z(p)?
-4
Let k(z) = z**3 - 2*z**2 + z + 2. Let w be (0 - -4) + -2 + 1. Give k(w).
14
Let v(y) = y**2 + 4*y + 1. Let m be v(-3). Let g = -1 - m. Let l(f) = 12*f**2 - 1. What is l(g)?
11
Let c(a) = -a - 8. Let o = -12 + 6. What is c(o)?
-2
Suppose -4*o + 20 = 2*s, 2 = 5*s - o - 4. Let u(a) = 2*a**2 - a. Determine u(s).
6
Let a(b) = b**3 + 4*b**2 + 1. Suppose 7*g + 12 = g. Determine a(g).
9
Let i(q) = 7*q**2 + 11*q + 21. Let r(j) = -11*j**2 - 16*j - 32. Let g(z) = 8*i(z) + 5*r(z). Calculate g(-6).
-4
Let o(g) = g + 7. Let k(f) = 2*f**2 + 8*f - 1. Let u(c) = c**2 + 8*c - 2. Let a(y) = 2*k(y) - 3*u(y). Let v be a(8). Suppose -v*b - 20 = -0*b. Determine o(b).
2
Let f(u) = u**2 - 3*u - 6. Let p be f(5). Suppose -p*n + 5*n = -5. Let y(g) = 0*g - 12 + 4*g**2 - 5*g + g**3 + 17. What is y(n)?
5
Suppose f + 5*b + 12 = 0, 4*f = -3*b + 2 + 1. Let i(v) = v - 3. Give i(f).
0
Let c(g) = g**3 + 6*g**2 + 6*g - 4. Let w(f) = 4*f**3 + 24*f**2 + 25*f - 16. Let k(v) = 9*c(v) - 2*w(v). What is k(-5)?
1
Let h(n) = -n**2 + 9*n. Let y(i) = -2*i**2 + 19*i - 4. Let j(k) = 2*k**2 - 19*k + 5. Let u(q) = 3*j(q) + 4*y(q). Let b(s) = 5*h(s) - 2*u(s). Determine b(6).
8
Let o(l) = -3*l**3 + 4*l**2 - 6*l - 2. Let w(n) = -13*n - 5 - 5*n**3 + 0*n + 2*n + 8*n**2. Let k = 21 - 14. Let m(y) = k*o(y) - 4*w(y). What is m(-4)?
-2
Let q(z) be the third derivative of -z**5/120 - z**4/6 + z**3/6 - 3*z**2. Let l(h) be the first derivative of q(h). Let b be (0 - -1)/1*3. What is l(b)?
-7
Let i(d) = -2*d**2 - 1. Let t = 4 + -2. Suppose 4*n - k + 8 = k, 0 = -3*n + t*k - 7. What is i(n)?
-3
Let u(f) = -f**3 + 5*f**2 + f. Let y be u(5). Suppose -m + 0*l - l = -5, -y*m - l = -37. Suppose -m = 3*i - 5*i. Let x(s) = s**2 - 7*s + 5. Calculate x(i).
-7
Let l(d) = 7*d**3 - d**2. Let z be 0 - 1 - -4 - 2. Give l(z).
6
Let u(n) = 3*n - 1. Let g(c) = -6*c - 2. Let s(d) = -17*d - 5. Let y(t) = 8*g(t) - 3*s(t). Let x(h) = 4*u(h) - 3*y(h). Determine x(1).
2
Let a(x) = x**3 - 5*x**2 + 4*x + 5. Let j = -7 - -11. What is a(j)?
5
Suppose -4*c - 4*i + 28 = -3*i, 2*c = -5*i + 32. Suppose 3*m + c = 2*m. Let v be (-1)/(-3) - (-32)/m. Let u(d) = d**3 + 6*d**2 + 5*d - 4. Give u(v).
-4
Let d(i) = 2*i**2 + 6*i - 5. Let l be d(-5). Let p = 11 - l. Let c be (-15)/(-2)*p/(-6). Let o(j) = j**2 - 6*j + 1. Give o(c).
-4
Let j(t) be the second derivative of t**4/12 + t**3/6 - 3*t**2 + 11*t. Calculate j(0).
-6
Let r be 5*(-1)/(-1) - 0. Suppose -25 = -5*v + 2*b, 3*b = -b - 20. Let y(a) = -2*a + v + 0 + 0. Give y(r).
-7
Let i(h) = -3*h**3 - 3*h**2 + 3 - 3*h**2 + 4*h**3 + 6*h. Determine i(5).
8
Let u(x) be the second derivative of -x**3/2 + 3*x**2 - 2*x. Let y be (-18)/8*16/(-6). Let l = 10 - y. Give u(l).
-6
Let m(n) be the first derivative of n**3/3 - n**2/2 - 8*n - 6. Give m(0).
-8
Let s(v) be the first derivative of 5*v**2/2 - v + 7. Let l be 9*2/3 + -1. Suppose -2*z + 5*o = -3, 0 = -l*z + o - 4*o - 8. Give s(z).
-6
Let h(j) = -5*j. Suppose 4*z + 2*i = 0, 0*z + 3*i = 3*z - 9. Let b be 17/5 - (-4)/(-10). Suppose -b*y + 2 = -z. Give h(y).
-5
Suppose -1 = -3*r + 4*o + 7, o = 4. Let d be ((-5)/(-20))/(2/r). Let w(q) = 3*q**3 - q**2 + 2*q - 1. Calculate w(d).
3
Let q(o) be the third derivative of o**4/24 - o**3/3 - o**2. Suppose -5*h - 4 + 14 = 0. Suppose -h - 3 = -5*r. Give q(r).
-1
Let f(a) = a**2 + 2. Let z be f(0). Suppose 0 = 5*m - z*m - 15. Let c(k) = 4*k + 6 - m - 3*k. Give c(4).
5
Let k(q) = -13*q + 8. Let l(o) be the second derivative of -o**3/2 + o**2 + 2*o. Let m(n) = 2*k(n) - 9*l(n). Determine m(0).
-2
Let j = -11 + 17. Let g(q) = q - 17. Let v(i) = 3. Let u(f) = j*g(f) + 34*v(f). What is u(1)?
6
Let t(o) = -5*o**3 + 3*o**2 - 7*o + 2. Let i(v) = -9*v**3 + 5*v**2 - 13*v + 4. Let y(q) = -q - 3. Let k be y(-9). Let s(m) = k*i(m) - 11*t(m). Determine s(3).
-1
Let k(a) be the first derivative of a**3/3 + a**2 - 21. Give k(-3).
3
Let p(i) = 3*i**2 + i. Let x be p(-1). Suppose j = 4*k - x*j - 15, 0 = 5*k + j - 33. Let g be 4/k + 26/6. Let y(n) = 2*n - 3. Determine y(g).
7
Let n(g) = -2*g**2 + 3*g - 3. Let v = 84 - 82. Cal